 - 3 - 3*h + 3*h**2 + 7 - 2. Suppose 0 = -5*v + 6 + 9. Suppose -5*k + 2*k = 3*f + 3, -5*f + v*k = -19. Give r(f).
7
Let s(i) be the third derivative of -i**6/120 - i**4/24 + i**3/3 + 2*i**2. What is s(0)?
2
Let j(q) = q**3 + 3*q**2 - 3*q - 3. Let f = 1 + -1. Suppose 8 + 4 = 4*b, 0 = 2*z + b - 11. Suppose f = -2*w + 3*w + z. Determine j(w).
-7
Let b(r) be the first derivative of r**2/2 + 3. Suppose -3*p = -4*g - 19, 4*p + 0*g - 5*g = 25. Suppose h + 8 = -p*u, 3*u + 3*h = 4*h. Determine b(u).
-1
Let a be ((-3)/(-2))/(3/(-4)). Let z(v) = -v**2 - v + 1. Let x(i) = -i**3 + 2*i**2 + 5*i - 1. Let c(w) = x(w) + 2*z(w). Give c(a).
3
Let t(g) = 2*g - 1. Let q(y) = y**2 - 6*y + 2. Let z = -7 - -12. Let r be q(z). What is t(r)?
-7
Let x(d) = 2*d**2 + 2 - 37*d - 3 + 37*d. Let r be ((2/1)/2)/1. Give x(r).
1
Let q(f) = -f - 6. Let o(y) = y**3 + y**2 - 1. Let p(l) = -o(l) + q(l). Give p(0).
-5
Let f(h) = -h**3 + h**2 - h + 3. Let c be (-1 + 0)*-1 + 4. Suppose 3*s + y - c = -4*y, 0 = s - y + 1. Let r = 0 - s. Calculate f(r).
3
Let p(u) be the second derivative of u**4/12 + u**2/2 - 4*u. Give p(0).
1
Suppose 2*c + 6 = 0, -c + 2*c = z - 9. Suppose 0 = -0*s + 2*s + z. Let i(p) = -p + 3. Calculate i(s).
6
Let j(r) be the first derivative of -r**3 + 0*r - 2*r**2 + 1 + 1/4*r**4. What is j(4)?
0
Let d(w) = -w. Let y(v) = -2*v + 1. Let c be (0 + -2 - -3) + -7. Let a(h) = c*d(h) + y(h). Let r = -4 - -5. Give a(r).
5
Let p(d) = d + 23. Let q be p(-11). Let c be (-28)/24 - (-2)/q. Let v(s) = 12*s + 1. Determine v(c).
-11
Let n(t) be the first derivative of t**3/3 + t**2/2 - 4*t - 17. Calculate n(-4).
8
Let q(r) = -5*r + 11. Let a(p) = 2*p - 5. Let s(v) = 7*a(v) + 3*q(v). Suppose -4*j + j = 24. Let g be (-2)/j + 18/(-8). What is s(g)?
0
Let l = -9 + 11. Let o be -1*(-3 - (-4)/l). Let w(b) = b**2 + b. What is w(o)?
2
Let o(a) = a**2 - 2*a + 6. Let k(b) = b**2 - 3*b + 6. Let f(p) = 3*k(p) - 4*o(p). Suppose -5*u - 4*z = 4, 5*z = -5*u - 0*z - 5. Give f(u).
-6
Let y(g) = -2*g**2 + g**2 - 5 + 170*g - 168*g. Give y(4).
-13
Let a be (1/2)/(3/42). Let s = 10 - a. Let v(m) = -2*m + 0*m + s*m. Give v(4).
4
Suppose j + 3*d = 1, -4*d - 2 = 2. Let h = j + -5. Let n(c) = c**3 - c**2 + 1. Calculate n(h).
-1
Let x(y) be the first derivative of 5*y**4/4 - y - 2. Suppose -w - 2 = -5*a, -8 = 4*w - 0. Suppose -4*d + a*d + 4 = 0. What is x(d)?
4
Let b(o) = o - 7. Suppose 12*d - 15 = 9*d. What is b(d)?
-2
Let n(v) be the second derivative of -v**3/6 - 7*v**2/2 - 2*v. Suppose -3*i + 0*i = -27. Suppose -2*c - f + 2*f - 13 = 0, -c + 3*f = i. Determine n(c).
-1
Let n be 1 + 2/2 + 18. Suppose -5*b + 40 = -4*u, 2*u = -2*u - n. Let c(h) = -2*h - 3. What is c(b)?
-11
Let v be 1*-10*1/(-2). Let k = 8 - v. Let n(y) = -y**3 + 3*y**2 - 3*y + 4. Calculate n(k).
-5
Let r(w) = 0*w + 2 - 2*w + 0. Suppose -22*j + 24*j = -4. Calculate r(j).
6
Let d(x) = -x**3 - 2*x**2 - 1 + 4 + 7*x**2. Determine d(4).
19
Let m(l) = -l**3 - 7*l**2 - 6*l - 1. Let i(f) = f**2 - 11*f + 4. Let s be i(10). Give m(s).
-1
Let z(w) be the first derivative of -w**2/2 + 6*w - 38. What is z(10)?
-4
Suppose q - 6 = -p, 7*q - 26 = 3*q - 2*p. Let l(n) be the second derivative of n**5/20 - n**4/2 - 5*n**3/6 - 5*n**2 - 6*n. Determine l(q).
4
Let h(p) = 1 + 6*p - 7 + 5*p**2 - p**3 + 3. Let x be h(6). Let w(q) = -q**2 + q - 1. Let g(k) = 4*k**2 - 10*k + 8. Let u(m) = g(m) + 5*w(m). Determine u(x).
9
Let j(q) = 3*q + 1. Let v(t) = -2*t - 1. Let d(o) = 3*j(o) + 4*v(o). Calculate d(-4).
-5
Let q(o) be the first derivative of -o**6/360 - o**5/24 + 5*o**4/24 - 3*o**3 - 4. Let x(g) be the third derivative of q(g). Give x(-5).
5
Let i(q) = -3*q**2 + 2*q + 3. Let c = -17 - -15. Calculate i(c).
-13
Let i be (4/10)/((-5)/(-50)). Let n = i - 7. Let d(t) be the first derivative of t**3/3 + 2*t**2 - 3*t - 1. Determine d(n).
-6
Let g(j) = -119*j**2 + 49. Let a(r) = -12*r**2 + 5. Let w(i) = 49*a(i) - 5*g(i). Calculate w(-1).
7
Let c(g) be the first derivative of -1/3*g**3 - 1 - 5*g + 2*g**2. What is c(4)?
-5
Let h be (0 + -2 - -2)/(-1). Suppose 2*f = -h*f + 4. Suppose -6*c = -f*c. Let s(j) = -j**3 + j + 2. Determine s(c).
2
Let g(p) = -p**2 - 7*p - 11. Let w be g(-3). Let k(c) = -3*c**2 - 5*c - 3. Let h(f) = 10*f**2 + 14*f + 8. Let a(m) = 4*h(m) + 11*k(m). Calculate a(w).
7
Let m(g) = -g**2 + 3. Let t be m(-3). Let p(v) = v**2 + 5*v - 6. Calculate p(t).
0
Let b(d) = 6*d**2. Let t be 0/(-3) + 0 + 2. Suppose -4*o - 18 + 3 = -3*w, 0 = -t*o. Suppose -2*g = -3*x - 13, -14 = -3*g - w*x - 42. Give b(g).
6
Let y(g) = g**2 - g + 1. Let v(q) = q**2 - 2*q + 2. Let o(j) = 4*v(j) - 9*y(j). Let n be 1/(-3*2/(-30)). Let w = -4 + n. Give o(w).
-5
Suppose 0*p - 2*p = -2*y + 8, -3*p + 20 = 5*y. Let l(z) be the second derivative of p*z**2 + 0 - 5*z - 1/3*z**3. Calculate l(-2).
4
Let b(g) be the second derivative of g**3/6 - 5*g**2/2 - 35*g - 1. Calculate b(8).
3
Suppose 4*w - 18 = -2*y, 2*y - 7*w + 9*w = 12. Let r(h) be the second derivative of y*h**2 + 1/3*h**3 + 0 - 2*h. Determine r(-5).
-4
Let w(x) = -x**2 - 13*x + 11. Let g = 16 - 29. Let t be w(g). Let j = -16 + t. Let n(y) = -y - 7. Give n(j).
-2
Suppose 3*z + 5*w = -11, -z + 2*w = -2*w - 19. Let j(b) be the second derivative of 1/6*b**z - 2*b - 1/20*b**5 + 0*b**4 - 2*b**2 + 0. Determine j(0).
-4
Let r(c) = 3*c - 3. Let w(d) = d**3 - 13*d**2 + d - 10. Let k be w(13). Calculate r(k).
6
Let i(g) = -g + 8. Let t = 7 + 1. Determine i(t).
0
Let o(u) be the second derivative of u**5/20 + 5*u**4/12 + 5*u**3/6 + 5*u**2/2 + u. Let n be (10/4)/(-5)*0. Let r = n - 4. Give o(r).
1
Let k be 48/(-15) + 4 - 52/(-10). Let l(j) = 2*j - 7. What is l(k)?
5
Let j(k) = 0 - 1 + k + 8*k**2 - 2*k. Let n = 6 + -6. Suppose 4*r + 2 + 2 = n. Calculate j(r).
8
Let b = 103 - 103. Let m(z) = z + 8. Give m(b).
8
Let r be 78/24 + 1/(-4). Suppose -2*p = -p - r. Let t(a) = 2*a - 5 + 1 + p. Calculate t(3).
5
Let c(q) = -q**3 + 10*q**2 - 15*q - 8. Let z be c(8). Let n(t) be the third derivative of -t**2 + z*t + 0 - 1/2*t**3 - 1/60*t**5 + 1/8*t**4. What is n(4)?
-7
Let h(l) be the first derivative of 2 - 8*l + 1/4*l**4 + 7/2*l**2 - 7/3*l**3. Determine h(6).
-2
Let z(q) be the second derivative of -q**3/6 + 3*q**2/2 + 4*q. Calculate z(3).
0
Let p(n) = -n + 8. Let y = 2 - 2. Let a be (y - 0)*(-1 + 0). What is p(a)?
8
Let i = 5 - 1. Suppose i = 3*p - 4*p. Let m(u) = -4 + 4*u**2 - 3*u**2 + u + 0*u**2. Give m(p).
8
Let k(l) = -l**3 + 5*l**2 - 2*l + 4. Let c(j) = -j**2 - 4*j + 5. Let z be c(-5). Let r(h) = h + h - h + 5. Let d be r(z). Give k(d).
-6
Suppose -2*y - 3 = y. Let m(p) = 14*p + 1. Give m(y).
-13
Let z(h) = -h**2 + 2*h. Suppose k + 5*t = 17 + 10, -5*k - t = -15. Let y be z(k). Suppose 6 = -2*x - y*x. Let q(s) = s**3 + s**2 - 2*s + 3. Determine q(x).
-9
Let m(g) = -g**3 - 2*g**2 + 2*g + 2. Suppose -3*r = -3*n - 15, 0*r - 4*r = -3*n - 17. Calculate m(n).
5
Let y(r) = -5*r**2 + 3*r**3 + 2*r**3 + 0*r**2 - 3 - 6*r**3. Let i be (-2)/6 + 74/6. Let j = i - 17. Determine y(j).
-3
Let b(j) = j**3 + 2*j**2 + j - 1. Let z(i) = i**2 + 10*i - 2. Let r be z(-10). What is b(r)?
-3
Suppose -4*w - w = -5. Suppose -3*z + 9 = -0*z. Let p(t) = 1 - 6*t - 14*t**3 + 5*t - t**2 + 10*t**z + 0. Give p(w).
-5
Let f(h) = 8*h**2 + 2*h + 14. Let z(r) = -3*r**2 - r - 5. Let w(t) = 4*f(t) + 11*z(t). Determine w(-4).
-3
Let f(b) = 2*b**2 + 6*b + 3. Let m be f(-5). Let l(x) = m*x - 1 + x**3 - 23*x + 2*x**2. Suppose 5*z = 3*k - 4, k = 5*z - 2 - 0. Give l(z).
2
Suppose 6*o - o = 25. Suppose 4*u - k = 22, 0 = o*u - k - 32 + 5. Suppose 7*c = 3*c + 5*i - 21, 2*c + u*i = 27. Let b(v) = -v**3 + 2*v**2 - 1. Determine b(c).
0
Let i(o) be the first derivative of o**2/2 + 2*o + 1. Let h = 65 - 71. What is i(h)?
-4
Suppose 3*m = -2*a - 4, 0*m - 2 = -m + a. Suppose -3 = -u - m. Let k(n) = 0 + 0 - n**3 + 5*n**2 - 6*n + 2*n**u + 5. Give k(-6).
5
Let o(y) be the third derivative of -y**6/120 + y**5/10 - y**4/12 - y**3 + 6*y**2. Calculate o(6).
-18
Let a(b) = 4*b + 11. Let h(u) = -u - 1. Let w(r) = -a(r) - 3*h(r). Let p(i) be the first derivative of i**4/4 - 4*i**3/3 - 2. Let f be p(4). What is w(f)?
-8
Let j = 89 + -86. Let v(f) = -3*f**2 + 2*f**2 + 2*f + 2*f**2 - 3. Give v(j).
12
Let i(f) = -f - 1. Let z(p) = p**3 - 4*p**2 + 6*p - 7. Let s be z(5). Suppose s = -5*c + 13. Let j(l) = l**3 + 6*l**2 - 7*l 